{"id":2,"date":"2024-02-19T19:01:27","date_gmt":"2024-02-19T18:01:27","guid":{"rendered":"http:\/\/christine.savaric.com\/?page_id=2"},"modified":"2024-02-25T17:14:39","modified_gmt":"2024-02-25T16:14:39","slug":"page-d-exemple","status":"publish","type":"page","link":"https:\/\/christine.savaric.com\/","title":{"rendered":"Christine Savaric"},"content":{"rendered":"\n<p>Professionnelle\u00a0du t\u00e9l\u00e9marketing\u00a0depuis l&#8217;\u00e2ge de 17 ans, commerciale grands comptes en publicit\u00e9 et b\u00e2timents et travaux publics, artiste peintre et plasticienne, d\u00e9coratrice d&#8217;int\u00e9rieur, designer, chanteuse&#8230; Christine a plus d&#8217;une corde \u00e0 son arc. Elle a con\u00e7u le design et la d\u00e9coration\u00a0des g\u00eetes de Pique les Muses, le design de radiateurs, rideaux et autre \u00e9quipement de la maison ainsi que de multiples v\u00eatements. Ses \u0153uvres sont \u00e0 son image, vibrantes, pleines de couleurs, lumineuses, \u00e9nergiques\u00a0et nul doute\u00a0qu&#8217;en contemplant ses \u0153uvres, vous profiterez de son \u00e9nergie. Demandez Christine pour son art ou la d\u00e9coration de vos int\u00e9rieurs.<\/p>\n","protected":false},"excerpt":{"rendered":"<p>Professionnelle\u00a0du t\u00e9l\u00e9marketing\u00a0depuis l&#8217;\u00e2ge de 17 ans, commerciale grands comptes en publicit\u00e9 et b\u00e2timents et travaux publics, artiste peintre et plasticienne, d\u00e9coratrice d&#8217;int\u00e9rieur, designer, chanteuse&#8230; Christine a plus d&#8217;une corde \u00e0 son arc. Elle a con\u00e7u le design et la d\u00e9coration\u00a0des g\u00eetes de Pique les Muses, le design de radiateurs, rideaux et autre \u00e9quipement de la [&hellip;]<\/p>\n","protected":false},"author":1,"featured_media":0,"parent":0,"menu_order":0,"comment_status":"closed","ping_status":"open","template":"","meta":{"footnotes":""},"class_list":["post-2","page","type-page","status-publish","hentry"],"blocksy_meta":[],"_links":{"self":[{"href":"https:\/\/christine.savaric.com\/index.php\/wp-json\/wp\/v2\/pages\/2","targetHints":{"allow":["GET"]}}],"collection":[{"href":"https:\/\/christine.savaric.com\/index.php\/wp-json\/wp\/v2\/pages"}],"about":[{"href":"https:\/\/christine.savaric.com\/index.php\/wp-json\/wp\/v2\/types\/page"}],"author":[{"embeddable":true,"href":"https:\/\/christine.savaric.com\/index.php\/wp-json\/wp\/v2\/users\/1"}],"replies":[{"embeddable":true,"href":"https:\/\/christine.savaric.com\/index.php\/wp-json\/wp\/v2\/comments?post=2"}],"version-history":[{"count":2,"href":"https:\/\/christine.savaric.com\/index.php\/wp-json\/wp\/v2\/pages\/2\/revisions"}],"predecessor-version":[{"id":55,"href":"https:\/\/christine.savaric.com\/index.php\/wp-json\/wp\/v2\/pages\/2\/revisions\/55"}],"wp:attachment":[{"href":"https:\/\/christine.savaric.com\/index.php\/wp-json\/wp\/v2\/media?parent=2"}],"curies":[{"name":"wp","href":"https:\/\/api.w.org\/{rel}","templated":true}]}}